-4*y + 5*z = -27. Let h(r) = -r**3 + 2*r**2 - 3. Calculate h(y).
-12
Let n(j) = j**2 - 1. Let o(g) = 8*g**2 - 6*g - 4. Let p(f) = 4*n(f) - o(f). Let y(q) = 5*q**2 - 7*q - 1. Let i(m) = -4*p(m) - 3*y(m). Calculate i(3).
3
Let m(o) = o**3 + o + 1. Suppose 0 = -4*b + 3*b. Determine m(b).
1
Let x(z) be the first derivative of 2*z**4/3 - z**3/6 + 2*z + 3. Let t(q) be the first derivative of x(q). What is t(-1)?
9
Let p(x) be the second derivative of x**5/20 + 7*x**4/12 + 5*x**3/6 - 7*x**2/2 - 2*x. Let w be (-14 - -17)/(1/(-2)). What is p(w)?
-1
Let s = 18 - 14. Suppose -o - 2*t + 5 = 4, 5*o = -s*t + 23. Let v(y) = y**3 - 8*y**2 + 7*y - 8. What is v(o)?
-8
Let o be 120/21 - 4/(-14). Let u(t) = t - 4. Let a be u(o). Let g be a*(-1 + 9/6). Let b(p) = -5*p**3 - p**2 + 2*p - 1. What is b(g)?
-5
Let n(k) = 4*k - k + k**2 - 2*k + 0*k + 6. Determine n(0).
6
Let t(s) = 2*s - 42 - 37 + 83. Let w = 2 + -6. Determine t(w).
-4
Let v(z) = -2*z - 3. Let n(w) = -3*w - 5. Let q(o) = -3*n(o) + 4*v(o). Suppose 2*f - 3*f - 10 = 2*p, -4*f - 3*p - 15 = 0. Determine q(f).
3
Let w(f) be the second derivative of f**5/20 + f**4/4 - f**3/3 - f**2 + 3*f. Let o be 2 - (-3)/((-3)/2). Suppose o*t - 5*t - 15 = 0. Give w(t).
4
Let l(t) = -t**2 + t - 1. Let n(d) = 3*d**2 - 7*d + 8. Let p(y) = 4*l(y) + n(y). Determine p(-3).
4
Let c(q) be the first derivative of 11*q**2/2 - 3*q + 3. Let s(r) = 6*r - 2. Let d(x) = 3*c(x) - 5*s(x). Calculate d(1).
4
Let k(n) = n - 7. Let g be k(7). Let c(p) = p**2 - p - 4. What is c(g)?
-4
Let h be (-3)/(-2)*(-16)/(-12). Let m(a) = -a**h + 0*a**2 - 3*a**3 + 0*a**3 + a**3. What is m(1)?
-3
Let m = -2 - -4. Let d = -4 + 6. Let z(i) = -m - i + d*i - 9. Give z(5).
-6
Let q(v) = v - 2. Let w be (-55)/(-25) + (-2)/10. Let n(u) = -u**3 + 6*u**2 + 4 - 3*u - u**w - u. Let d be n(4). Give q(d).
2
Let g be ((-1)/2)/((-2)/24). Let i(b) = -4*b + 3. Let m(y) = -3*y + 2. Let o(f) = 2*i(f) - 3*m(f). Let u(h) = -7*h - 3. Let w(s) = g*o(s) + u(s). Give w(4).
-7
Suppose 0*r - 2 = -r. Suppose 5*z = r*z. Let n(w) = -w**3 - w**2 - w + 4. What is n(z)?
4
Let p(j) be the third derivative of -j**6/120 - j**5/15 - j**4/12 + j**3/6 - 5*j**2. Give p(-2).
-3
Let h = 6 + -3. Let s(c) be the second derivative of -c**4/6 + c**3/2 - 13*c. Determine s(h).
-9
Let i(w) = -17*w + 2*w**3 + 11*w - w**3 - 6 + 4*w**2. Let h = -5 + 0. Calculate i(h).
-1
Let r(t) = t**3 - 3*t**2 + 4*t - 4. Let v be 1*-6*(35/10 - 4). Determine r(v).
8
Let l(o) = -14*o - 23. Let x(q) = -5*q - 8. Let z(u) = 6*l(u) - 17*x(u). Let b(s) = s**3 - s**2 + 4. Let g be b(0). Calculate z(g).
2
Let a(o) = -3*o**3 - 5*o**2 + 3*o + 4. Let i(q) = 4*q**3 + 6*q**2 - 4*q - 5. Let z(w) = 3*a(w) + 2*i(w). Let l be (-3 - (-3 - -1)) + -2. Calculate z(l).
-1
Let d = 5 + -5. Let u(t) = t**2 - 3*t + 6. Let i(m) = m**2 - 2*m + 6. Let x = -14 - -10. Let h(j) = x*i(j) + 3*u(j). What is h(d)?
-6
Let y(q) = -130 + 0*q - q + 132. Determine y(7).
-5
Suppose -4*h + 1 = -19. Let r(d) = -d**2 + 5*d + 3. Determine r(h).
3
Let q(s) = 2*s**2 + 3*s - 4. Suppose 0 = 3*x + 40 - 31. What is q(x)?
5
Let x(t) be the third derivative of t**5/60 + t**4/8 - t**3/2 - 3*t**2. Let i(c) = -c**3 + 5*c**2 - 6*c + 2. Let a be i(4). What is x(a)?
15
Let f(m) = -m - 1. Let y = 3 - 7. Determine f(y).
3
Let p(l) = -l**3 + 5 - 6*l**2 - 9 - 8*l - 1. Determine p(-5).
10
Let q(i) = 2*i - 4*i**2 - i**3 + 7 + i + 3*i. Let j(g) = g**2 + 10*g + 4. Let y be j(-9). Give q(y).
2
Let q(k) = 8*k + 6. Let a(v) = -4*v - 3. Let s(t) = 9*a(t) + 4*q(t). Calculate s(-2).
5
Let n be 18/(-4)*(-2)/3. Let w(x) = x**2 - 1. Let s(u) be the second derivative of 3*u**4/4 - 2*u**2 + u. Let d(a) = n*w(a) - s(a). Calculate d(-1).
-5
Let i(y) = -y - 1. Let o be i(-2). Let s(c) be the first derivative of -1/3*c**3 - 4*c + o - 7/2*c**2. Calculate s(-5).
6
Let h be (0*1/(-2))/1. Suppose 4*q + h = 20. Let k(u) = -39*u**3 - 5*u - 4 - 38*u**3 + 6*u**2 + 76*u**3. Calculate k(q).
-4
Let u(o) be the third derivative of o**5/60 + o**4/8 + 6*o**2. What is u(-3)?
0
Suppose -2*o - o + 108 = 0. Suppose 8 + o = 4*d. Suppose k - 3*q = -3*k - d, -13 = -3*k - 2*q. Let b(n) = -3*n**2 + 2*n - 1. Determine b(k).
-2
Let g be 102/(-42) - (-4)/(-7). Let k(t) = t**3 + 4*t**2 - 2. Give k(g).
7
Let a(s) = -s**3 + s**2 - s + 27. Let z = 17 + -17. What is a(z)?
27
Let j(v) = -9 + 332*v**2 - 171*v**2 - 162*v**2 + v. Give j(0).
-9
Let c be 8 + 6/(-2) - 3. Let a be 0*(2 - 10/4). Let n(g) = 0*g - 3*g + 3 + a*g. Give n(c).
-3
Let h(t) = 6*t**2 - 3*t**2 - 2*t**3 + 3 - t**3 - 3*t + t**3. Calculate h(2).
-7
Let k(h) = -3*h + 6. Let a be 204/33 + 4/(-22). Calculate k(a).
-12
Let g = -328 - -327. Let l(m) = -m + 1. Let p(r) = -2*r + 3. Let w(j) = 6*l(j) - 2*p(j). Determine w(g).
2
Let q(x) be the third derivative of 7*x**4/24 - 9*x**2. Calculate q(1).
7
Let t(c) be the first derivative of -c**4/4 + 2*c**3/3 + 3*c**2/2 + 12. What is t(3)?
0
Let g(b) = -2*b + 5. Let m be g(5). Let f(z) be the second derivative of 1/12*z**4 + 0 + 3*z - z**2 + 5/6*z**3. Determine f(m).
-2
Let w(t) be the third derivative of -t**5/60 + t**4/6 - 3*t**2. Let l = 18 - 13. Determine w(l).
-5
Let q(z) = z**2 - 11*z + 9. Let h be q(10). Let b(u) be the first derivative of -5*u**2 - u + 7. Give b(h).
9
Let w(g) = 2*g**2 + 3*g. Let b(q) = -1. Let c(f) = 3*b(f) + w(f). What is c(-3)?
6
Let j(c) = -3 - 6*c + 3 - 2 - 1. Let w(u) = u + 1. Let z(f) = j(f) + 4*w(f). Determine z(-6).
13
Let a be 2 - (0 - 1/1). Let f(n) = n**3 - 8*n**2 + 13*n + 5. Let s be f(6). Let l be s/(-2) - a/(-6). Let c(b) = 3*b + 5. Give c(l).
-10
Let b(r) = -3*r**3 - 7*r + 2*r**2 - 5 + 3*r**3 - 4*r**3 + 5*r**3. Let c = 6 + -10. Calculate b(c).
-9
Let r(n) = -2*n + 2. Let l = 8 - 4. Suppose -2 - l = 3*m. Determine r(m).
6
Let y(j) = -4*j**2 + 2 + 63*j**3 - 3 - 64*j**3. Calculate y(-4).
-1
Let f be 17/5 + 2/(-5). Let b(u) = -3*u**3 + 3*u**2 + 4*u - 2. Let y(a) = 4*a**3 - 4*a**2 - 4*a + 2. Let x(o) = -3*b(o) - 2*y(o). Calculate x(f).
8
Let a(i) = 0*i**3 - 2*i + 2*i**2 + 0*i**3 - i**3. Calculate a(2).
-4
Suppose f = -0*f + 3. Suppose s + 0 = d + 1, 0 = 3*d + f*s - 3. Let q(b) = b**3 - b**2 - b - 1. What is q(d)?
-1
Suppose 2*s + 0*s = 4. Let v(b) = 2 + b + 0 - 3. What is v(s)?
1
Let x(w) = 3*w - 10. Let l(a) = -3*a + a - 9 + 4*a. Let v = -1 + -4. Let t(p) = v*l(p) + 4*x(p). Calculate t(-4).
-3
Suppose 8*q + 18 + 22 = 0. Let m(r) = r**2 + 5*r - 2. Determine m(q).
-2
Let v(b) = b**2 + 5*b - 6. Suppose -2*c = -6*c - 20. Let q(u) = -u**2 - 5*u - 5. Let n be q(c). Calculate v(n).
-6
Let k(y) = 2*y**2 - 10*y**2 - 2 + 3. Give k(1).
-7
Let x(o) = -2*o + 1. Let u = 25 - 27. Determine x(u).
5
Let n(y) = 2*y**3 - 12*y**2 - 9*y - 11. Let r(c) = c**3 - 6*c**2 - 4*c - 5. Suppose 4*d = 7*d - 15. Let a(k) = d*r(k) - 3*n(k). What is a(7)?
8
Let c = -11 - -6. Let b(i) be the third derivative of -i**5/60 - i**4/8 + i**3/3 + 9*i**2. Give b(c).
-8
Suppose y + c = -2*y - 12, 2*c - 8 = 2*y. Suppose 2*w = -u + 7, 3*w + 4*u - 2*u = 9. Let b(l) = 4 + w*l**2 - l + l + 7*l + l**3. Give b(y).
-8
Let p(o) be the second derivative of 4*o + 4*o**2 + 0 + 1/6*o**3. Calculate p(-5).
3
Let q(p) = -5*p + 1. Let h be (-12)/(-8)*8/12. What is q(h)?
-4
Let j(o) be the third derivative of o**5/60 - o**4/6 + o**3/6 - 5*o**2. Let w(q) = -6*q**3 - q**2. Let t be w(-1). What is j(t)?
6
Let f(w) = -2*w - 1. Let n(r) = 2 - 1 + r - 1 + 1. Let m(q) = 2*f(q) + 3*n(q). Let l = 20 + -19. Determine m(l).
0
Let k(g) = g**3 - 4*g**2 + 2*g + 4. Let n be ((-8)/14)/(8/(-28)). Let b(x) = -4*x**n + 4*x**3 + 4 + 3*x**2 + x + 0*x**3 - 5. Let c be b(1). Determine k(c).
1
Let h(g) = -6 + 2*g + 0 - 5*g. Let j(n) = -n + 5. Let p be j(10). What is h(p)?
9
Let s be -4*(0/4 + -2). Let o(r) = -r**2 + 7*r - 2. Give o(s).
-10
Let f(v) = v - 3. Let i = 5 - 6. Let o = i - -1. Determine f(o).
-3
Let b(h) = -h**2 - 7*h. Let z = 27 + -33. What is b(z)?
6
Let s(n) = n. Let h(k) = 2*k - 3. Suppose -3*b = 3*x + b + 23, -5*x = 3*b + 20. Let v(t) = x*s(t) + h(t). Let z be v(4). Let w(i) = 8*i - 1. Calculate w(z).
7
Suppose 4 = 11*f - 15*f. Let h(s) = -4*s**2. Calculate h(f).
-4
Suppose 4*d = 5*m - 0 + 2, -3*d = -4*m - 1. Let z(x) = 4*x**2 + 3*x - 8. Let i(h) = 11*h**2 + 9*h - 23. Let u(n) = -6*i(n) + 17*z(n). Give u(m).
4
Let t(x) = -x**2 - x + 2. Let u be t(0). Let c(b) = 5*b 